 4. Let f be d(-21). Calculate x(f).
17
Let l(p) = p + 2. Let d be l(1). Let v(y) be the first derivative of -5/2*y**2 + 3 - y**3 + 1/4*y**4 + 3*y. Give v(d).
-12
Let c(d) = d**2 + 8*d - 6. Let y be c(-9). Suppose 0 = z - 4*z - 15, m = -y*z - 9. Let g(w) = 7*w**2 + 4 - 6*w**2 - m - 2 - 3*w. What is g(5)?
6
Let n(y) = -80*y + 161*y + 4 - 77*y. Calculate n(4).
20
Suppose 3*s = -4*z - 27, -z + 3*s - 15 = 2*z. Suppose 7*o - 8*o + 3 = 0. Let p be z + o - -6 - 6. Let g(q) = -q**2 - 4*q + 1. Calculate g(p).
4
Let u(k) = 3*k**3 + 3*k**2 + k - 4. Let b(c) = -16*c**3 - 15*c**2 - 5*c + 22. Let h(t) = -2*b(t) - 11*u(t). Calculate h(-1).
-1
Let u(g) be the third derivative of -5*g**4/24 - g**2. Let b(i) = -3*i**2 - 103*i - 815. Let j be b(-22). Give u(j).
5
Let h(c) = 2*c + c + 0*c - 2*c. Suppose d = -2*d. Let j be (3/9 + d)*18. Determine h(j).
6
Let z(d) = -30*d + 54*d - d**2 + 10 - 27*d. What is z(-5)?
0
Let y(t) = t**2 - 6*t + 4. Let f be ((-21)/14)/((-1)/(-10)). Let x be 2/(-10) + (-213)/f. Suppose -12 = -4*g - 2*w, 0 = -2*g + w - 0*w + x. Give y(g).
-1
Suppose 0 = 6*z - 9*z + 6. Let j be (-5 - (-8 - -4))*(-1 + z). Let m(y) = 9*y**3 + y**2. Determine m(j).
-8
Suppose -t + 43*k - 40*k = 10, 2*k + 12 = -4*t. Let b(h) = h**3 + 5*h**2 + 2*h - 2. Give b(t).
6
Let n(t) = -11*t**3 - 2*t**2 + 2*t - 1. Let z(y) = y - 12. Let a be z(15). Let g be 2*(a + 5/(-2)). Determine n(g).
-12
Let p = 2 + 0. Let r(o) = -99*o + 92*o - 1501 + 1502. Calculate r(p).
-13
Let l(p) be the first derivative of -8*p - 34 + 7/3*p**3 - 1/4*p**4 - 5/2*p**2. Let x be -2*(-10)/4 + 1. Give l(x).
-2
Let s = -1 - -2. Let l(p) = -3 - s + 1 + 2*p. Let a = -660 - -662. What is l(a)?
1
Let f(u) = 3*u + 3 - 3*u + 2*u. Suppose 6*n - n - 10 = 0. Suppose 8 + 0 = -n*z. What is f(z)?
-5
Let g(p) = p**2 + 8. Let j(q) = q - 5. Let u(l) = -l + 6. Let d(k) = 5*j(k) + 4*u(k). Let h(w) = 6*d(w) + g(w). Determine h(-6).
2
Let o = -39 + 47. Let q(w) = 5*w - 17 - 3*w + 0*w. Let j be q(o). Let a(r) = -8*r**2 + 2*r + 1. What is a(j)?
-9
Let v(p) = -4*p + 58. Let f(z) = -2*z + 29. Let i(m) = 9*f(m) - 4*v(m). Let r be i(10). Let q(l) = l**3 - 10*l**2 + 11*l - 13. Determine q(r).
5
Let c be (-38 - -39)/((-3)/(-6) + -1). Let k be (-6)/(-12)*(5 + 1). Let t(m) = -2*m**2 + m**2 + 1 + 6*m**3 - 7*m**k. Give t(c).
5
Let p be (-8)/16 + (-6)/(-4). Let s be 2 + 0 - p*2. Let v be (s - 1)*3/(-1). Let f(m) = m**2 - m + 2. Determine f(v).
8
Let m(c) = -19*c + 10. Let b(f) = 13*f - 7. Let z(o) = 7*b(o) + 5*m(o). Let h be 3/(-9) - 21/(-9). Let t = 0 + h. Give z(t).
-7
Suppose -d + 3*u = -15, 2*d = -0*u - 3*u - 6. Let z(t) be the second derivative of t**5/20 - t**4/4 - t**3/6 - 2*t**2 - 1226*t. Give z(d).
-7
Suppose 122 = -15*a - 193. Let r(o) = o + 17. Calculate r(a).
-4
Let r be 1*-1*(13 - 7). Let d(w) be the third derivative of 0 - 1/10*w**5 + 3*w**2 + 0*w - 1/120*w**6 + 0*w**4 + 2/3*w**3. What is d(r)?
4
Suppose 25*h = 16*h. Suppose 7 = m - h. Let c(t) = -t**2 + 7*t + 7. Determine c(m).
7
Let w(p) = p**3 - 5*p**2 + 2. Let i = -26 + 36. Let b be 3/1 + -9 + i. Determine w(b).
-14
Suppose -71*f + 58*f = 78. Let p(g) be the second derivative of -g**3/6 - g. Give p(f).
6
Let m(f) be the third derivative of f**5/60 + f**4/4 + f**3 - f**2 + 4. What is m(-7)?
13
Suppose -5*d = 5*t, -5*t - 7 - 1 = d. Let q(i) = i**3 + 2*i**2 + i. Calculate q(t).
-2
Let g = -1 - -4. Let x(p) = 1 + p**3 - g + 5 + 3*p + 5*p**2 - 5. Suppose 0 = -3*f - f - 12. What is x(f)?
7
Let h(m) be the second derivative of -4*m - 1/6*m**3 + 0 - m**2. What is h(-3)?
1
Let z be (3 + 0)/(-2 - 66/(-24)). Let k(n) = n**2 - 9*n + 6. Calculate k(z).
-14
Let b(w) = -2*w**3 + 5*w**2 - 2*w + 4. Let u(q) = q**3 - 5*q**2 - 4. Let i(v) = 2*b(v) + 3*u(v). Determine i(-4).
-4
Let g(n) = n**2 + n - 22. Let q = -501 + 501. Determine g(q).
-22
Let h(w) = -2*w - 21. Let j be h(-14). Let d(b) = -b**2 + 6*b + 16. Let x be d(j). Let l(v) = -v**3 + 10*v**2 - 8*v - 4. Give l(x).
5
Suppose 2*w - i = 22, -w = 3*i - 5 + 1. Suppose -10*s = -5*s - w. Suppose -4*x - s = 2*o - 6, 3*x + 4*o = 8. Let f(t) = t**2 + t + 7. Determine f(x).
7
Let u(l) = -4*l**2 + 3*l**2 + 5*l + 4*l - 2 + 0*l**2. What is u(9)?
-2
Let s(j) = 40 - 7*j - j**2 + 4*j - 42. What is s(-4)?
-6
Let d be 160/(-24)*3/4. Let r(c) = -c - 12. What is r(d)?
-7
Let v(h) = h**2 + 6*h + 6. Let c(q) = -2*q + 8. Let k be c(-5). Let t be 1248/(-216) + (-4)/k. Calculate v(t).
6
Let h(z) be the second derivative of 1/2*z**3 - 1/4*z**4 - z**2 + 1 - 3*z - 1/20*z**5. Calculate h(-4).
2
Let a(d) be the first derivative of -1/12*d**4 + 2*d**2 + 2*d - 1 - 2/3*d**3. Let k(v) be the first derivative of a(v). Determine k(-5).
-1
Let a(i) be the third derivative of 7/60*i**5 + 0 + 4*i**2 - 1/6*i**3 + 1/6*i**4 + 1/120*i**6 + 0*i. Determine a(-6).
11
Let o(s) = s**3 + 3*s**2 + s - 3. Suppose -157*y = 218 + 410. What is o(y)?
-23
Let l be 7 + -3*(4 + -1). Let m(p) = 5*p + 4. Give m(l).
-6
Let d(u) = -u**3 + 28*u**2 + 21*u + 8. Let g(y) = -2*y**2 - y. Let m(b) = -d(b) - 8*g(b). Determine m(13).
-8
Let z(i) = -9*i - 4*i**2 + 2 + 2*i**2 + i**3 + 10*i**2. Let a be z(-9). Let s(u) = 3*u. Determine s(a).
6
Let z(a) = -a**2 + 6*a + 3. Let p(v) = v**3 - 11*v**2 - 10*v + 15. Let s be p(12). Let f = -33 + s. Determine z(f).
3
Let b(d) = -5*d. Let q = 17 - -2. Let z = q - 18. Determine b(z).
-5
Let t(q) = -q**3 - q + 6. Let o(u) = -u**2 - 12*u - 18. Let j be o(-6). Let m be (12/j)/((-2)/3). Let k be ((-4)/(-8))/m*0. Give t(k).
6
Let r(g) = -3*g**3 - 19*g**2 - 16*g - 1. Let p(n) = 2*n**3 + 10*n**2 + 8*n. Let j(l) = 5*p(l) + 3*r(l). What is j(8)?
-3
Let v = 798 + -802. Suppose -8 + 2 = -3*c. Let k(i) = -2 - c + 2*i + 7 + i**2. What is k(v)?
11
Let z(m) = m**3 + 4*m**2 - 6*m + 1. Let k be (-3 - (2 - 50/15))*3. Determine z(k).
6
Let j(t) be the second derivative of -2*t**3/3 - t**2 - 10*t. Let c be 4/((-3)/(12/8)). Give j(c).
6
Let s(w) = w + 1. Suppose -4*g + 2*o - 12 = -0, 12 = -4*g - o. Let k = g + 9. Give s(k).
7
Let f(z) = -4*z**3 + 2*z**2 - z. Let r be 21 + 0 + (-9)/3. Suppose -5 = -x - 7. Let v be (-3)/r*3*x. Give f(v).
-3
Let d(v) be the third derivative of 0 + 0*v + 16*v**2 + 1/8*v**4 + 0*v**3. Give d(1).
3
Suppose 4*f - 497 = -473. Let t(u) be the third derivative of -7/6*u**3 + 0 + 0*u + 1/12*u**4 - u**2 - 1/10*u**5 + 1/120*u**6. Determine t(f).
5
Let z(a) be the second derivative of a**3/6 + 43*a. Determine z(-5).
-5
Suppose 2 + 2 = 2*j. Suppose 5*a + 5*x = 20, -j*a - x + 7 = 1. Let s(g) = -2*g - 2. Give s(a).
-6
Let o(x) be the second derivative of -x**3/2 - 3*x**2/2 + 18*x. Determine o(-1).
0
Let s(l) = -64*l - 443. Let n be s(-7). Let c(o) = 7*o + 4. What is c(n)?
39
Let f(y) = -y**2 - 7*y - 2. Let h be 24/(-20) + (-408)/85. Give f(h).
4
Let y(h) = h**3 + 4*h**2 + 3*h + 6. Let c(p) = p + 10. Let q be c(-5). Suppose 2*j - 3 = q. Suppose -3*o + 25 = -j*f, 0*f + o + 5 = -2*f. What is y(f)?
-6
Let p(o) = -o**2 - 5*o - 6. Let t = -988 - -982. Determine p(t).
-12
Let w(t) be the first derivative of t**2 + 9*t + 5 - 1/3*t**3. Let z(o) = o**2 - 2*o - 8. Let x(r) = 5*w(r) + 6*z(r). Determine x(4).
5
Let g(m) = -8*m**2 + 19*m - 2. Let r(x) = 7*x**2 - 16*x + 2. Let n(v) = -6*g(v) - 7*r(v). What is n(-7)?
-37
Let r(s) = -1 - s**3 - 8791*s**2 + 8791*s**2 - s. Determine r(-1).
1
Let q(y) = 2*y - 1. Suppose -2*o = 9*o - 22. Suppose o*w + 7 - 17 = 0. Calculate q(w).
9
Let r(d) be the second derivative of -d**6/15 + d**4/24 + d**3/6 + 37*d**2/2 + d. Let l(b) be the first derivative of r(b). Give l(-1).
8
Let c(o) = o - 7. Let a be (1890/(-24))/(-5) + (-2)/(-8). Suppose -11*d = -17 - a. Give c(d).
-4
Let z(j) = 21 - 5*j - 2 - 14*j + j**2. Let g(t) = t**2 + 25*t + 154. Let f be g(-8). Let v be z(f). Let k(y) = 6*y - 1. Give k(v).
5
Let b(w) = -21*w - 42. Let c be b(-2). Let f(v) = -3*v**2 + 4. Give f(c).
4
Let r(c) = -c**2 - 9*c + 16. Let m = -4 + 15. Suppose v - m = 2*v. Let y be r(v). Let j(x) = -x**3 - 7*x**2 - 6*x + 3. Give j(y).
3
Let o(t) be the third derivative of -3*t**5/20 - t**4/12 + 17*t**3/2 + 8*t**2. Let b(i) = -5*i**2 - i + 26. Let k(z) = 7*b(z) - 4*o(z). Give k(0).
-22
Let s = 4 + -5. Let w(f) = 4*f**3 - f**2 + f - 2. Let v(p) = -13*p**3 + 4*p**2 - p + 4. Let o(k) = v(k) + 2*w(k). Calculate o(s).
6
Let x(h) = h**2 - 7*h + 1. Let l(k) = -k**2 - 7*k + 5. Let 